ommon divisor of 39 and 78?
39
What is the greatest common factor of 7 and 63?
7
What is the highest common divisor of 22 and 242?
22
What is the highest common divisor of 6016 and 64?
64
Calculate the greatest common divisor of 672 and 36.
12
What is the greatest common divisor of 386 and 2?
2
Calculate the greatest common factor of 51 and 1173.
51
Calculate the greatest common divisor of 3 and 1782.
3
Calculate the greatest common factor of 270 and 3600.
90
What is the greatest common factor of 43 and 6235?
43
What is the greatest common factor of 1551 and 561?
33
Calculate the greatest common divisor of 1786 and 141.
47
What is the greatest common factor of 11 and 297?
11
Calculate the highest common factor of 42 and 7.
7
Calculate the greatest common divisor of 923 and 494.
13
What is the highest common factor of 54 and 144?
18
What is the greatest common divisor of 672 and 84?
84
Calculate the greatest common divisor of 113373 and 171.
171
Calculate the greatest common factor of 2465 and 34.
17
What is the highest common divisor of 14 and 154?
14
Calculate the greatest common divisor of 70 and 224.
14
What is the greatest common divisor of 2508 and 38?
38
Calculate the highest common factor of 96 and 1944.
24
Calculate the greatest common divisor of 8 and 2952.
8
Calculate the highest common factor of 1 and 135.
1
Calculate the highest common factor of 741 and 57.
57
Calculate the highest common factor of 2562 and 14.
14
What is the highest common factor of 36 and 8604?
36
Calculate the greatest common factor of 5002 and 164.
82
Calculate the highest common factor of 46 and 1265.
23
What is the greatest common factor of 1218 and 12?
6
Calculate the highest common factor of 3519 and 46.
23
What is the highest common divisor of 75 and 2175?
75
Calculate the highest common factor of 285 and 45.
15
What is the greatest common divisor of 306 and 90?
18
Calculate the greatest common factor of 4 and 9.
1
What is the greatest common divisor of 90 and 10?
10
Calculate the highest common factor of 3363 and 118.
59
What is the highest common divisor of 22740 and 60?
60
What is the greatest common factor of 13 and 1235?
13
What is the highest common divisor of 26 and 481?
13
Calculate the greatest common divisor of 43 and 18.
1
Calculate the greatest common divisor of 33 and 36003.
33
What is the greatest common factor of 1208 and 453?
151
Calculate the highest common factor of 5397 and 21.
21
What is the greatest common divisor of 86 and 86?
86
What is the highest common divisor of 44 and 2332?
44
Calculate the highest common divisor of 26 and 16.
2
What is the highest common factor of 4 and 6002?
2
Calculate the highest common factor of 351 and 39.
39
What is the highest common divisor of 12 and 7692?
12
What is the greatest common factor of 20 and 220?
20
Calculate the highest common divisor of 350 and 91.
7
What is the greatest common factor of 1644 and 276?
12
What is the highest common divisor of 2191 and 7?
7
Calculate the highest common factor of 374 and 110.
22
Calculate the highest common divisor of 2675 and 2461.
107
Calculate the highest common divisor of 2015 and 65.
65
Calculate the highest common divisor of 396 and 1210.
22
Calculate the greatest common divisor of 110112 and 74.
74
Calculate the highest common factor of 574 and 182.
14
What is the highest common factor of 21 and 91?
7
Calculate the greatest common divisor of 1224 and 90.
18
What is the greatest common factor of 2139 and 92?
23
What is the greatest common factor of 74 and 1813?
37
What is the greatest common divisor of 1896 and 984?
24
Calculate the highest common factor of 6 and 222.
6
Calculate the greatest common factor of 663 and 78.
39
What is the greatest common divisor of 37584 and 232?
232
Calculate the highest common factor of 1704 and 696.
24
What is the highest common factor of 11820 and 60?
60
Calculate the highest common divisor of 342 and 162.
18
Calculate the highest common divisor of 2651 and 484.
11
Calculate the greatest common divisor of 427 and 1769.
61
What is the greatest common factor of 1 and 646?
1
Calculate the greatest common divisor of 228 and 6.
6
What is the greatest common divisor of 49 and 3213?
7
What is the greatest common factor of 35 and 15?
5
Calculate the greatest common factor of 1143 and 9.
9
What is the highest common divisor of 300 and 120?
60
Calculate the highest common divisor of 24 and 1884.
12
Calculate the greatest common factor of 1541 and 23.
23
Calculate the greatest common factor of 72549 and 27.
27
Calculate the highest common divisor of 140 and 60.
20
What is the greatest common factor of 1062 and 36?
18
What is the greatest common divisor of 78 and 208?
26
Calculate the highest common divisor of 14 and 8750.
14
Calculate the highest common factor of 28 and 259.
7
What is the greatest common factor of 72 and 1464?
24
What is the greatest common divisor of 2418 and 624?
78
Calculate the greatest common divisor of 28 and 61012.
28
What is the greatest common factor of 58 and 57246?
58
What is the greatest common divisor of 370 and 6734?
74
What is the greatest common divisor of 598 and 920?
46
What is the greatest common factor of 25 and 2825?
25
What is the greatest common divisor of 107 and 50?
1
Calculate the highest common factor of 530 and 10.
10
What is the greatest common divisor of 72 and 6984?
72
Calculate the greatest common divisor of 784 and 539.
49
What is the highest common factor of 1575 and 25?
25
Calculate the greatest common divisor of 2760 and 270.
30
What is the highest common factor of 105 and 399?
21
Calculate the highest common factor of 606 and 6.
6
Calculate the highest common divisor of 1590 and 27.
3
What is the greatest common divisor of 1677 and 6?
3
What is the greatest common divisor of 52 and 9152?
52
What is the greatest common factor of 48 and 3984?
48
Calculate the highest common factor of 352 and 96.
32
What is the highest common factor of 63 and 639?
9
What is the greatest common factor of 2896 and 64?
16
What is the highest common factor of 138 and 31602?
138
Calculate the highest common divisor of 40 and 2195.
5
What is the highest common divisor of 24 and 92?
4
What is the highest common factor of 370 and 37?
37
What is the greatest common divisor of 231 and 22?
11
What is the highest common factor of 2560 and 110?
10
Calculate the greatest common factor of 14 and 287.
7
Calculate the greatest common divisor of 32 and 288.
32
Calculate the greatest common divisor of 1820 and 20.
20
What is the greatest common factor of 6 and 630?
6
Calculate the greatest common factor of 270 and 108.
54
What is the greatest common divisor of 575 and 75?
25
What is the greatest common factor of 2190 and 1110?
30
What is the highest common factor of 5 and 18?
1
Calculate the highest common divisor of 1288 and 2392.
184
Calculate the greatest common divisor of 8 and 344.
8
Calculate the greatest common factor of 132 and 60.
12
What is the greatest common divisor of 540 and 160?
20
What is the greatest common factor of 187 and 13651?
187
What is the highest common divisor of 2260 and 20?
20
What is the greatest common factor of 1510 and 80?
10
What is the highest common factor of 675 and 25?
25
What is the greatest common factor of 585 and 3645?
45
What is the highest common divisor of 330 and 2640?
330
Calculate the highest common divisor of 65 and 130.
65
Calculate the highest common factor of 370 and 80.
10
Calculate the greatest common factor of 4 and 27.
1
What is the highest common divisor of 819 and 12922?
91
Calculate the greatest common factor of 252 and 609.
21
What is the highest common divisor of 15 and 672?
3
What is the highest common factor of 868 and 28?
28
What is the greatest common factor of 6 and 330?
6
Calculate the highest common divisor of 136 and 238.
34
What is the greatest common divisor of 26 and 793?
13
Calculate the greatest common divisor of 1280 and 40.
40
What is the highest common factor of 319 and 29?
29
Calculate the greatest common factor of 77 and 18557.
77
Calculate the greatest common factor of 32 and 52.
4
What is the highest common factor of 722 and 76?
38
Calculate the greatest common divisor of 38 and 1862.
38
Calculate the greatest common divisor of 28